{"id":39,"date":"2021-01-13T13:56:48","date_gmt":"2021-01-13T12:56:48","guid":{"rendered":"http:\/\/t08.se\/?page_id=39"},"modified":"2021-05-31T17:24:40","modified_gmt":"2021-05-31T15:24:40","slug":"har-borjar-mina-inlagg-om-it-sakerhet","status":"publish","type":"page","link":"https:\/\/t08.se\/","title":{"rendered":"H\u00e4r b\u00f6rjar mina inl\u00e4gg om IT-s\u00e4kerhet"},"content":{"rendered":"\n<p><\/p>\n\n\n\n<p class=\"has-large-font-size\">Kommer l\u00e4gga upp lite nyheter och mera statiskt, &#8221;det h\u00e4r borde du g\u00f6ra..&#8221;<\/p>\n\n\n\n<div class=\"wp-block-columns is-layout-flex wp-container-core-columns-is-layout-9d6595d7 wp-block-columns-is-layout-flex\">\n<div class=\"wp-block-column is-layout-flow wp-block-column-is-layout-flow\" style=\"flex-basis:50%\">\n<blockquote class=\"wp-block-quote is-layout-flow wp-block-quote-is-layout-flow\"><p><em>Det finns inget sk\u00e4l till att n\u00e5gon skulle vilja ha en dator i sitt hem<\/em>.<br>&#8211; Ken Olsen, Digital, 1977<\/p><\/blockquote>\n<\/div>\n\n\n\n<div class=\"wp-block-column is-layout-flow wp-block-column-is-layout-flow\" style=\"flex-basis:50%\">\n<figure class=\"wp-block-image size-large is-style-default\"><img loading=\"lazy\" decoding=\"async\" width=\"390\" height=\"337\" src=\"https:\/\/t08.se\/wp-content\/uploads\/2021\/01\/programmerare-o-anvandare.jpg\" alt=\"\" class=\"wp-image-50\" srcset=\"https:\/\/t08.se\/wp-content\/uploads\/2021\/01\/programmerare-o-anvandare.jpg 390w, https:\/\/t08.se\/wp-content\/uploads\/2021\/01\/programmerare-o-anvandare-300x259.jpg 300w\" sizes=\"auto, (max-width: 390px) 100vw, 390px\" \/><\/figure>\n<\/div>\n<\/div>\n\n\n\n<p class=\"has-drop-cap\">\u201cThe saying is true that the security systems have to win every time, the attacker only has to win once.\u201d<br>\u2014 Dustin Dykes.<\/p>\n","protected":false},"excerpt":{"rendered":"<p>Kommer l\u00e4gga upp lite nyheter och mera statiskt, &#8221;det h\u00e4r borde du g\u00f6ra..&#8221; Det finns inget sk\u00e4l till att n\u00e5gon<\/p>\n<p><a href=\"https:\/\/t08.se\/\" class=\"more-link\">Forts\u00e4tt l\u00e4sa<span class=\"screen-reader-text\">H\u00e4r b\u00f6rjar mina inl\u00e4gg om IT-s\u00e4kerhet<\/span><\/a><\/p>\n","protected":false},"author":1,"featured_media":0,"parent":0,"menu_order":0,"comment_status":"closed","ping_status":"closed","template":"","meta":{"footnotes":""},"class_list":["post-39","page","type-page","status-publish","hentry"],"jetpack_sharing_enabled":true,"_links":{"self":[{"href":"https:\/\/t08.se\/index.php?rest_route=\/wp\/v2\/pages\/39","targetHints":{"allow":["GET"]}}],"collection":[{"href":"https:\/\/t08.se\/index.php?rest_route=\/wp\/v2\/pages"}],"about":[{"href":"https:\/\/t08.se\/index.php?rest_route=\/wp\/v2\/types\/page"}],"author":[{"embeddable":true,"href":"https:\/\/t08.se\/index.php?rest_route=\/wp\/v2\/users\/1"}],"replies":[{"embeddable":true,"href":"https:\/\/t08.se\/index.php?rest_route=%2Fwp%2Fv2%2Fcomments&post=39"}],"version-history":[{"count":7,"href":"https:\/\/t08.se\/index.php?rest_route=\/wp\/v2\/pages\/39\/revisions"}],"predecessor-version":[{"id":133,"href":"https:\/\/t08.se\/index.php?rest_route=\/wp\/v2\/pages\/39\/revisions\/133"}],"wp:attachment":[{"href":"https:\/\/t08.se\/index.php?rest_route=%2Fwp%2Fv2%2Fmedia&parent=39"}],"curies":[{"name":"wp","href":"https:\/\/api.w.org\/{rel}","templated":true}]}}